s digit of 54101?
0
What is the units digit of 8531?
1
What is the units digit of 1705?
5
What is the units digit of 98089?
9
What is the hundreds digit of 692?
6
What is the thousands digit of 6787?
6
What is the units digit of 41060?
0
What is the thousands digit of 61863?
1
What is the tens digit of 51?
5
What is the ten thousands digit of 11138?
1
What is the ten thousands digit of 50910?
5
What is the hundreds digit of 24575?
5
What is the thousands digit of 13557?
3
What is the units digit of 2520?
0
What is the thousands digit of 6578?
6
What is the hundreds digit of 12600?
6
What is the units digit of 2909?
9
What is the tens digit of 46?
4
What is the thousands digit of 5970?
5
What is the units digit of 30580?
0
What is the hundreds digit of 1410?
4
What is the thousands digit of 5840?
5
What is the thousands digit of 4388?
4
What is the hundreds digit of 11005?
0
What is the units digit of 100314?
4
What is the units digit of 6424?
4
What is the units digit of 1789?
9
What is the thousands digit of 138347?
8
What is the thousands digit of 3308?
3
What is the thousands digit of 1863?
1
What is the hundreds digit of 41491?
4
What is the hundreds digit of 3027?
0
What is the tens digit of 623?
2
What is the units digit of 16272?
2
What is the thousands digit of 4636?
4
What is the ten thousands digit of 17089?
1
What is the hundreds digit of 323?
3
What is the ten thousands digit of 12074?
1
What is the tens digit of 235?
3
What is the thousands digit of 22390?
2
What is the units digit of 2291?
1
What is the tens digit of 1665?
6
What is the thousands digit of 17322?
7
What is the units digit of 46690?
0
What is the tens digit of 4028?
2
What is the units digit of 1092?
2
What is the hundreds digit of 5353?
3
What is the thousands digit of 5030?
5
What is the hundreds digit of 3905?
9
What is the ten thousands digit of 18283?
1
What is the hundreds digit of 1746?
7
What is the units digit of 1865?
5
What is the ten thousands digit of 25043?
2
What is the ten thousands digit of 50488?
5
What is the tens digit of 242?
4
What is the thousands digit of 10174?
0
What is the tens digit of 7211?
1
What is the ten thousands digit of 80296?
8
What is the thousands digit of 5670?
5
What is the tens digit of 495?
9
What is the hundreds digit of 6404?
4
What is the tens digit of 7704?
0
What is the hundreds digit of 28744?
7
What is the units digit of 3140?
0
What is the hundreds digit of 40665?
6
What is the ten thousands digit of 34112?
3
What is the thousands digit of 8720?
8
What is the hundreds digit of 46181?
1
What is the thousands digit of 35058?
5
What is the ten thousands digit of 148243?
4
What is the tens digit of 53971?
7
What is the ten thousands digit of 179199?
7
What is the hundreds digit of 297?
2
What is the tens digit of 625?
2
What is the tens digit of 2547?
4
What is the ten thousands digit of 53940?
5
What is the tens digit of 361?
6
What is the units digit of 786?
6
What is the units digit of 727?
7
What is the tens digit of 18165?
6
What is the units digit of 39539?
9
What is the tens digit of 3295?
9
What is the hundreds digit of 2606?
6
What is the ten thousands digit of 32436?
3
What is the tens digit of 8103?
0
What is the thousands digit of 32736?
2
What is the thousands digit of 125469?
5
What is the ten thousands digit of 33203?
3
What is the hundreds digit of 7096?
0
What is the tens digit of 826?
2
What is the thousands digit of 50806?
0
What is the thousands digit of 4431?
4
What is the units digit of 66513?
3
What is the thousands digit of 2024?
2
What is the tens digit of 63153?
5
What is the hundreds digit of 514?
5
What is the units digit of 11777?
7
What is the units digit of 20532?
2
What is the units digit of 23269?
9
What is the ten thousands digit of 14433?
1
What is the hundreds digit of 1639?
6
What is the units digit of 15236?
6
What is the thousands digit of 40470?
0
What is the tens digit of 72452?
5
What is the units digit of 24030?
0
What is the units digit of 2356?
6
What is the tens digit of 31055?
5
What is the hundreds digit of 18156?
1
What is the units digit of 800?
0
What is the thousands digit of 54032?
4
What is the tens digit of 20504?
0
What is the units digit of 55077?
7
What is the hundreds digit of 25298?
2
What is the tens digit of 844?
4
What is the units digit of 2561?
1
What is the tens digit of 1751?
5
What is the tens digit of 598?
9
What is the units digit of 17949?
9
What is the hundreds digit of 139?
1
What is the tens digit of 18608?
0
What is the hundreds digit of 9998?
9
What is the thousands digit of 19879?
9
What is the thousands digit of 7746?
7
What is the hundreds digit of 1315?
3
What is the thousands digit of 5774?
5
What is the tens digit of 1126?
2
What is the units digit of 83006?
6
What is the hundreds digit of 30335?
3
What is the tens digit of 518?
1
What is the tens digit of 65317?
1
What is the units digit of 353?
3
What is the units digit of 1797?
7
What is the units digit of 1770?
0
What is the hundreds digit of 934?
9
What is the tens digit of 92347?
4
What is the units digit of 30142?
2
What is the thousands digit of 1515?
1
What is the tens digit of 20172?
7
What is the hundreds digit of 8965?
9
What is the hundreds digit of 5290?
2
What is the hundreds digit of 7937?
9
What is the units digit of 21810?
0
What is the tens digit of 935?
3
What is the tens digit of 6953?
5
What is the tens digit of 1590?
9
What is the hundreds digit of 5327?
3
What is the thousands digit of 47322?
7
What is the units digit of 38748?
8
What is the tens digit of 38484?
8
What is the tens digit of 46135?
3
What is the thousands digit of 2385?
2
What is the units digit of 1119?
9
What is the tens digit of 19368?
6
What is the thousands digit of 149278?
9
What is the hundreds digit of 2006?
0
What is the tens digit of 1583?
8
What is the hundreds digit of 676?
6
What is the hundreds digit of 9971?
9
What is the units digit of 516?
6
What is the thousands digit of 1059?
1
What is the hundreds digit of 14767?
7
What is the thousands digit of 5825?
5
What is the tens digit of 2427?
2
What is the hundreds digit of 9132?
1
What is the units digit of 40?
0
What is the hundreds digit of 407?
4
What is the units digit of 8072?
2
What is the tens digit of 783?
8
What is the thousands digit of 3054?
3
What is the thousands digit of 6822?
6
What is the tens digit of 1718?
1
What is the thousands digit of 4958?
4
What is the hundreds digit of 16027?
0
What is the tens digit of 6546?
4
What is the tens digit of 162?
6
What is the tens digit of 1454?
5
What is the tens digit of 1497?
9
What is the hundreds digit of 9116?
1
What is the units digit of 350?
0
What is the units digit of 1606?
6
What is the tens digit of 39965?
6
What is the units digit of 4124?
4
What is the hundreds digit of 3018?
0
What is the ten thousands digit of 19728?
1
What is the ten thousands digit of 60388?
6
What is the units digit of 751?
1
What is the units digit of 38370?
0
What is the thousands digit of 3058?
3
What is the thousands digit of 24791?
4
What is the units digit of 19231?
1
What is the tens digit of 135013?
1
What is the units digit of 1915?
5
What is the tens digit of 15187?
8
What is the tens digit of 441?
4
What is the tens digit of 1202?
0
What is the tens digit of 2855?
5
What is the tens digit of 807?
0
What is the tens digit of 97208?
0
What is the tens digit of 23505?
0
What is the ten thousands digit of 116198?
1
What is the hundreds digit of 2050?
0
What is the thousands digit of 11459?
1
What is the units digit of 21692?
2
What is the tens digit of 89417?
1
What is the hundreds digit of 47646?
6
What is the units digit of 8337?
7
What is the hundreds digit of 743?
7
What is the tens digit of 6253?
5
What is the units digit of 75560?
0
What is the thousands digit of 7974?
7
What is the hundreds digit of 35795?
7
What is the units digit of 68?
8
What is the hundreds digit of 133006?
0
What is the tens digit of 1093?
9
What is the ten thousands digit of 57241?
5
What is the thousands digit of 61242?
1
What is the units digit of 15481?
1
What is the tens digit of 10056?
5
What is the tens digit of 2206?
0
What is the hundreds digit of 5184?
1
What is the units digit of 304?
4
What is th